composite number?
True
Is 18253451081 composite?
False
Is 5746976923 prime?
True
Is 65706087721 prime?
True
Is 233526259 a composite number?
False
Is 7654915003 composite?
True
Is 1364481467 a composite number?
False
Is 83533531183 composite?
False
Is 5888895217 a composite number?
True
Is 229102903 prime?
True
Is 572046743 a prime number?
True
Is 3627637697 a composite number?
False
Is 1377983219 a prime number?
False
Is 38636081219 a prime number?
True
Is 78012401 a prime number?
False
Is 760313377 a prime number?
True
Is 25929634463 prime?
True
Is 2988214354 prime?
False
Is 34311473977 a prime number?
False
Is 5009921459 a composite number?
False
Is 8554152923 prime?
False
Is 7605195523 a prime number?
False
Is 122440489 a prime number?
False
Is 720582641 a prime number?
True
Is 2398841693 composite?
True
Is 38500094793 prime?
False
Is 18616085681 a composite number?
True
Is 13073287457 a prime number?
True
Is 22061847721 a prime number?
False
Is 12913704079 a prime number?
False
Is 2567030087 composite?
True
Is 2480725297 prime?
True
Is 294276197 prime?
True
Is 360132733 a composite number?
False
Is 90730747339 a prime number?
True
Is 84860429 a composite number?
False
Is 62924729429 a prime number?
False
Is 621619423 a composite number?
True
Is 17423682491 composite?
False
Is 14697823897 a composite number?
False
Is 515401679 prime?
False
Is 773120711 prime?
False
Is 49787943169 prime?
True
Is 9357913753 composite?
False
Is 6836058539 composite?
True
Is 94538403137 a composite number?
False
Is 36621257 a prime number?
False
Is 406262893 composite?
False
Is 18955909 a composite number?
True
Is 5863776011 a composite number?
True
Is 125621039 a composite number?
True
Is 15304318661 a prime number?
True
Is 1091320673 a composite number?
True
Is 3678045233 prime?
True
Is 12988693981 a composite number?
True
Is 91504056757 prime?
True
Is 360907699 prime?
True
Is 4305907141 a composite number?
True
Is 3671414713 a prime number?
False
Is 25286718157 prime?
False
Is 221671981 a composite number?
True
Is 12723871673 a composite number?
True
Is 4805822649 a prime number?
False
Is 5593717343 prime?
True
Is 19736917045 composite?
True
Is 648463021 prime?
True
Is 72888392249 a prime number?
False
Is 1901834078 a prime number?
False
Is 178522865977 prime?
True
Is 3256794095 prime?
False
Is 234868421 composite?
False
Is 40987732627 composite?
True
Is 96900489571 prime?
False
Is 70456179811 a prime number?
True
Is 1366329857 a composite number?
False
Is 17749322803 prime?
True
Is 6124882279 a composite number?
True
Is 6858132313 prime?
True
Is 2778914311 prime?
False
Is 3719402957 prime?
True
Is 449969281 a composite number?
True
Is 1019924179 prime?
True
Is 24238634807 prime?
True
Is 18039333661 prime?
True
Is 446443709 a prime number?
True
Is 28152138683 composite?
False
Is 7628345647 prime?
False
Is 26417962057 composite?
True
Is 113476241 prime?
False
Is 22551713629 prime?
False
Is 22643827 composite?
False
Is 10339498487 prime?
True
Is 707379203 prime?
False
Is 424544371 a composite number?
False
Is 11940719311 prime?
False
Is 21684945941 a prime number?
True
Is 9842359 a prime number?
False
Is 34218217309 prime?
False
Is 295016047 a prime number?
False
Is 453167395 composite?
True
Is 22489277501 a composite number?
False
Is 28305123997 a composite number?
True
Is 3724118059 a composite number?
False
Is 3543669697 prime?
False
Is 174691944467 prime?
False
Is 560407711 a prime number?
False
Is 2116688557 a composite number?
True
Is 116777191 a prime number?
True
Is 2192704403 a composite number?
True
Is 31598139641 prime?
True
Is 28634095669 a composite number?
False
Is 1608098077 prime?
True
Is 223242883 prime?
False
Is 72704374421 a composite number?
True
Is 2784057553 a composite number?
False
Is 28091641 composite?
True
Is 7833419471 a composite number?
True
Is 40275840559 prime?
False
Is 80797097533 a prime number?
True
Is 379783309 a composite number?
True
Is 11567774611 prime?
True
Is 2477420651 composite?
False
Is 39016211623 a composite number?
False
Is 3491451233 a prime number?
True
Is 4804199471 prime?
True
Is 1674589027 a composite number?
True
Is 4343503943 a composite number?
False
Is 1666574011 a composite number?
False
Is 10075784533 a prime number?
True
Is 991361639 a prime number?
True
Is 681516851 composite?
False
Is 3313013182 a composite number?
True
Is 30291217469 a composite number?
True
Is 2881652393 a composite number?
False
Is 1152366841 prime?
True
Is 18811611649 a composite number?
False
Is 292683427 a prime number?
False
Is 12981849923 composite?
True
Is 10288278997 prime?
False
Is 36816019 prime?
True
Is 8850865339 a prime number?
False
Is 211359565 a composite number?
True
Is 64451417 prime?
True
Is 620395279 a prime number?
False
Is 610641901 composite?
True
Is 33523039243 composite?
False
Is 38362625101 prime?
False
Is 206459021 composite?
False
Is 43756828057 a composite number?
False
Is 39226939 a composite number?
True
Is 836748371 composite?
False
Is 304064351 prime?
True
Is 470373593 a prime number?
True
Is 4575329167 a composite number?
True
Is 3303491083 a prime number?
False
Is 23227201 a composite number?
False
Is 4900451357 a prime number?
True
Is 3068663803 prime?
True
Is 890103883 a prime number?
False
Is 722177069 composite?
True
Is 7658859599 a composite number?
False
Is 24355785939 prime?
False
Is 20518019677 prime?
True
Is 4569898159 a composite number?
True
Is 2408286091 a prime number?
False
Is 484789127 composite?
False
Is 27733373477 prime?
True
Is 13885332421 a composite number?
True
Is 7382844103 composite?
True
Is 21965571563 composite?
True
Is 19490864383 a composite number?
False
Is 4923012793 a composite number?
False
Is 773527273 composite?
True
Is 42179801 prime?
True
Is 22546317083 prime?
True
Is 898012841 composite?
True
Is 2200855957 a composite number?
False
Is 2718635089 a prime number?
False
Is 35969239 a prime number?
False
Is 78664595029 composite?
True
Is 1033924398113 a prime number?
True
Is 1504478621 a composite number?
False
Is 267055721 a composite number?
False
Is 1633802161 composite?
False
Is 446481683 composite?
True
Is 2494788755 a composite number?
True
Is 94785653 composite?
True
Is 681821159 a prime number?
False
Is 1248676733 prime?
False
Is 3294762591 prime?
False
Is 29451575159 a composite number?
False
Is 16912667 a prime number?
True
Is 396383957 a composite number?
False
Is 4394415601 a prime number?
False
Is 16951479749 a prime number?
False
Is 384107873 composite?
True
Is 16571505179 composite?
False
Is 5746822667 prime?
True
Is 13531832815 a prime number?
False
Is 11685471013 prime?
True
Is 16345002166 a composite number?
True
Is 594381973 prime?
True
Is 219951463 prime?
True
Is 9646938781 composite?
True
Is 73043740189 composite?
True
Is 3570199453 a composite number?
True
Is 4880561459 prime?
True
Is 55744750723 a prime number?
False
Is 2551539329 a prime number?
True
Is 6743233457 composite?
False
Is 247833997 composite?
True
Is 4056134833 a prime number?
False
Is 8723902799 prime?
True
Is 1245233123 a prime number?
False
Is 13151410873 prime?
True
Is 411623167 a prime number?
False
Is 137458021 a composite number?
True
Is 517367651 prime?
True
Is 7797692317 a composite number?
True
Is 503354497 prime?
True
Is 26022230287 prime?
False
Is 20007279833 a composite number?
True
Is 22617374503 prime?
False
Is 22292576881 prime?
True
Is 766795109 a prime number?
True
Is 18470451061 prime?
False
Is 114957564693 prime?
False
Is 1647983585 a prime number?
False
Is 9260068511 a prime number?
True
Is 2321415241 composite?
False
Is 22052158363 composite?
False
Is 29393149957 a composite number?
True
Is 875451293 composite?
True
Is 27291707165 a composite number?
True
Is 2563378931 a prime number?
True
Is 21176716742 a composite number?
True
Is 54100191323 a composite number?
False
Is 36078670497 composite?
True
Is 162240703 prime?
False
Is 585134071493 a composite number?
False
Is 955795279 prime?
True
Is 983109047 composite?
True
Is 2153193509 a composite number?
False
Is 778191901 a composite number?
True
Is 1330587107 a composite number?
False
Is 260835493 a composite number?
False
Is 31692923 composite?
False
Is 1438450639 prime?
False
Is 9409780663 prime?
Fa